when f(0) is divided by s?
0
Let y be 2/(-5) - -2*(-2270)/(-100). Suppose -4*m + 50 = -2*q, 0 = -7*m + 12*m + q - y. What is the remainder when 146 is divided by m?
6
Suppose -8*y - 2238 = -3102. Calculate the remainder when 454 is divided by y.
22
Let c(o) be the first derivative of -3*o**2/2 + 13*o - 59. Let f(n) = 26*n**3 + 2*n**2 - n. Calculate the remainder when f(1) is divided by c(2).
6
Let x(v) = -1045*v + 145286. Calculate the remainder when (24/9)/(4/414) is divided by x(139).
28
Let u = 19369 + -13825. Calculate the remainder when u is divided by 292.
288
What is the remainder when (-75)/(-105) - 1320/(-14) is divided by 90?
5
Suppose 118*n - 3760 = -44*n + 39494. What is the remainder when 1868 is divided by n?
266
Calculate the remainder when 50 is divided by (-6)/12 + (-170)/(-4)*1 + 4.
4
Let f be (-1 + 13/5)/(27/135). Suppose -c + 9 = f. Let x = -8 - -9. What is the remainder when c is divided by x?
0
Let z = 7976 - 7888. Calculate the remainder when z is divided by (-2)/(-7) + (-248)/(-14).
16
Let p be 3*-6*(0 + 8/(-12)). Let t be p*(-2)/(-4)*1. Suppose h - x = 3*h - 26, h - t = -4*x. What is the remainder when h is divided by 8?
6
Let x be 24/(-3) - -4 - 2. Let b(q) = q**3 + 7*q**2 + 4*q - 3. Let o be b(x). Suppose 20*t = 17*t + o. What is the remainder when 7 is divided by t?
1
Calculate the remainder when 2722 is divided by (-289 + -1)*(840/50 + -17).
54
Let m = -17656 - -25240. What is the remainder when m is divided by 41?
40
Suppose 50*o - 46*o - 83 = 5*z, -4*z = -5*o + 115. What is the remainder when 427 is divided by o?
22
Let l = -9 + 7. Suppose -4*v - 40 = -3*p, -3*v = -0*p - p + 30. Calculate the remainder when 14 is divided by -6*(l + (-15)/v).
2
Suppose 3*s = -2*o - 3, 3*o - s + 4 = -5*s. Suppose 7*h - 43 - 48 = o. Calculate the remainder when h is divided by 3.
1
Suppose -2*d + 46 = -12. Suppose z - d = -7. Let x(n) = -14*n + 34. What is the remainder when x(-2) is divided by z?
18
Suppose 23*z - 28*z = 0. Suppose z = w - 3*s - 3, -3*w - s - 4 = 3*s. Suppose 46 = 3*l - n, w*n + 3*n = 4*l - 63. What is the remainder when l is divided by 2?
1
Let t(v) = 16*v - 41. Let d(o) = -97*o - 836. Calculate the remainder when t(11) is divided by d(-9).
24
Let j(h) = 4*h**2 - 76*h - 4044. What is the remainder when j(-30) is divided by 454?
20
Let m = 682 - 1082. Let l = 621 + m. Calculate the remainder when l is divided by 37.
36
Let d(n) = 34*n + 96. Let x be d(6). Suppose 3*j - 62 = 85. Suppose -43*r - x = -j*r. What is the remainder when r is divided by 13?
11
Calculate the remainder when 23/(-598) + 276540/104 is divided by 49.
13
Let m be 4*2/(-6) - 120/(-36). Suppose -m*c - 44 = -2*h, -5*h + 15 + 101 = -3*c. Calculate the remainder when h is divided by 10.
5
Calculate the remainder when 59540/117 - (-48)/(-54) is divided by 26.
14
Let c(s) = -s**3 - 2*s. Suppose 6 + 0 = 2*n. Suppose p = -3*j + 92, -3*j - 6*p + 84 = -n*p. What is the remainder when j is divided by c(-1)?
2
Let v(s) = 2*s**2 + 20*s - 40. Let q be v(-12). What is the remainder when 28 is divided by (4/(-3))/(q/(-84))?
0
Suppose -1045*m + 1261*m = 1944. Calculate the remainder when 6898 is divided by m.
4
What is the remainder when 47 is divided by 36/(-66) - (-204)/11?
11
Suppose 0 = 3*z - 3*d - 1107, 3*z - z + 2*d - 726 = 0. Let g = z - 332. Calculate the remainder when g is divided by 3.
1
Let k = -60 - 224. Let i = -244 - k. Suppose -2*u - 94 = -4*v + u, 120 = 5*v - 5*u. Calculate the remainder when i is divided by v.
18
Let c(n) = -7*n - 50. Let z be c(-7). Let j(b) = -14*b**3 - 14*b**2 - 16*b - 1. Calculate the remainder when 237 is divided by j(z).
12
Suppose -11*a + 23 = -43. Suppose -a*y = -15*y + 207. What is the remainder when y is divided by 14?
9
Calculate the remainder when (-2 - (-36)/21) + (-1908)/(-14) is divided by (2/(-2))/((-3)/69).
21
Let j = 192 + 592. Calculate the remainder when j is divided by 81.
55
Let x = -105 - -198. Let f(h) be the first derivative of h**4/4 + 5*h**3/3 - 5*h**2 - 12*h - 15. What is the remainder when x is divided by f(-6)?
9
Suppose 11*s + 1560 = 77*s - 42*s. What is the remainder when 1361 is divided by s?
61
Let g be (-1)/(-2)*2*-3. Let w = g + 5. Suppose i - 3*d = -w*i + 138, 10 = -5*d. Calculate the remainder when i is divided by 25.
19
Let x(u) = 5*u**3 - 134*u**2 - 140*u + 65. Calculate the remainder when 5106 is divided by x(28).
12
Let q(b) = -b**3 + 25*b**2 + 52*b + 91. Let c be q(27). Let u(v) = -16*v - 14. Let d be u(-4). Let g = d - c. Calculate the remainder when 49 is divided by g.
10
Let c = -2 - -3. Suppose 6*z - 3*z + 51 = 4*b, 5*b = -z + 78. Calculate the remainder when b is divided by -2 + c - 1*-5.
3
Suppose 20546 - 6184 = 142*m + 25*m. Calculate the remainder when 799 is divided by m.
25
Suppose 0 = -k - 2, -3*n - 17*k + 7284 = -14*k. Calculate the remainder when n is divided by 122.
112
Let t be ((-4)/(-10))/(4/(-50)*-1). Suppose -t*f - 25 = 0, f = 2*c - 3*f - 178. What is the remainder when 81 is divided by c?
2
Let u = 27917 - 27737. What is the remainder when 1807 is divided by u?
7
Calculate the remainder when 984 is divided by (-37 - -70 - 31)/(2 + -1).
0
Let z(o) = o**3 - 3*o - 21*o**2 - 16 + 12*o**2 + 22*o**2 + 7*o. What is the remainder when 237 is divided by z(-12)?
77
Let f(a) = -a**2 - 85*a + 371. Calculate the remainder when f(-70) is divided by 62.
57
Suppose 2*d - 514 = 2*a, -4*d = -a - 510 - 518. Calculate the remainder when d is divided by 248.
9
Suppose 5*i + 4476 = 3*k, 0*k = -2*i + 4*k - 1782. Let d = -885 - i. Let w(q) = -q**3 - 6*q**2 - 6*q - 4. What is the remainder when d is divided by w(-5)?
0
Let v(f) = f**3 - 31*f**2 + 31*f - 26. Let d be v(30). Suppose d*x = 1029 - 65. Calculate the remainder when x is divided by 27.
25
Let m(r) = -17*r + 115. Let p be m(7). Calculate the remainder when 127 is divided by (-38)/(p - (8 + -5)/(-1)).
13
Let t(i) = -i**3 + 34*i**2 - 38*i + 105. Let l be t(33). What is the remainder when ((-2133)/18)/(18/l) is divided by 57?
53
Suppose -4*v - 19*v + 1012 = 0. What is the remainder when -4 - (-5)/(10/446) is divided by v?
43
Let v = 49 + -21. Let p be -16*(-42)/(-12)*(-3)/(-21). Calculate the remainder when v is divided by (-3 - -5)/2*(p - -23).
13
Suppose 0 = 34*u + 28*u - 119908. What is the remainder when u is divided by 88?
86
Let v = -88 + 4. What is the remainder when 45 is divided by 0 - (3/(-6))/((-6)/v)?
3
Suppose 4*s + 3*s + 1652 = 0. Let r = -126 - s. What is the remainder when r is divided by 8?
6
Suppose 10 = 2*k, -5*c - 334 + 1139 = -k. What is the remainder when c is divided by 159?
3
Let a = 53 + -4. Suppose 15*p = p + 5292. Let c = p - 134. What is the remainder when c is divided by a?
48
Let g = -353 - -385. What is the remainder when g is divided by 189/(-14)*4/(-6)?
5
Let r be 74/703 + 12519/19. Suppose 5*x - r = 1316. What is the remainder when x is divided by 44?
43
Let q(s) = 21*s + 198. Calculate the remainder when q(10) is divided by 199.
10
Let x(a) = 5*a**2 + 2*a - 4. Let c = -53 + 58. Let b be x(c). Suppose m - h = 25 + 8, -3*m - 5*h = -b. Calculate the remainder when m is divided by 10.
7
What is the remainder when (7*(-8)/(-196))/((-10)/(-89810)) is divided by 107?
105
Let b(p) = -2*p**3 - p**2 - p - 1. Let t be b(-1). Let h = t + 3. Suppose h*n + 4*o = 44, 55 = 2*n + 3*n - 5*o. What is the remainder when 37 is divided by n?
4
Let a(y) = -y**2 - 41*y - 285. Suppose -2*k + 9 - 1 = 0. Suppose -71 = -k*t + 5. Calculate the remainder when a(-27) is divided by t.
17
Suppose 772*v + z + 45 = 777*v, 5*z + 36 = 4*v. What is the remainder when 1161 is divided by v?
0
Let z(d) = -207*d + 4845. Calculate the remainder when 186 is divided by z(23).
18
Let c(n) = n**2 - 6*n + 14. Let l(t) = 1. Let o(y) = c(y) - 5*l(y). Suppose -5*k - 1 = z - 6, -3*z - k = -15. What is the remainder when z is divided by o(5)?
1
Let q(z) = -2*z**2 - z. Let m(f) = -2*f**3 - 23*f**2 - 6*f - 20. Let v(k) = -m(k) + 6*q(k). What is the remainder when 171 is divided by v(-5)?
36
Let v = -119 - -122. Suppose a = -4*t + 10, 0 = -5*t + 8 - v. Calculate the remainder when 33 is divided by a.
3
Let g(w) = w**3 - 13*w**2 + 16*w - 10. Suppose -89 = 5*n - 409. Suppose 1 = -7*z + n. Calculate the remainder when g(12) is divided by z.
2
Suppose -11